visor of x and t?
10
Suppose 27 = 6*l - 39. Calculate the greatest common divisor of l and 88.
11
Suppose 4 = 2*u - 2. Let h(f) = -f**3 + 6*f**2 + 1. Let p be h(u). Suppose -4*q + 10 + 6 = 0. What is the greatest common factor of p and q?
4
Suppose 4*w = 4*s - 324, -13 - 3 = 4*w. Let q = -9 + 27. Suppose 17 = d + 5*z, -5*d + 49 = -2*z + q. Calculate the greatest common divisor of s and d.
7
Let o be 1/3 + 52/6. Suppose k - 105 = -o. Suppose c = f - 31, -3*f - c + k = -3*c. What is the greatest common divisor of 85 and f?
17
Let n = 2 + 6. Suppose 116*z - 119*z = -24. What is the highest common divisor of z and n?
8
Let v(z) = z**2 - 25*z + 32. Let j be v(24). Calculate the highest common divisor of j and 8.
8
Suppose 7*g - 6 = 4*g. Let d be g*1*(-40)/(-8). Calculate the greatest common divisor of d and 10.
10
Suppose 5*y - 302 = -2*s, -4*s = 4*y - 6*y + 116. Suppose 4*n - y = -0*n. Calculate the highest common factor of 45 and n.
15
Suppose -16*b - 35 + 1955 = 0. What is the highest common factor of b and 48?
24
Suppose -7*x + 16 = -3*x. What is the highest common divisor of 4 and x?
4
Let z be (24/(-28))/((-2)/14). Let t(c) = c**2 - 6*c + 1. Let w be t(z). What is the highest common divisor of w and 3?
1
Let r = -6 - -18. Calculate the highest common factor of 3 and r.
3
Let m(d) = -2*d - 6. Let y be m(-4). Suppose 3 = y*j - 9. Suppose -4*r = -20, 4*r + r - 28 = -c. What is the highest common divisor of j and c?
3
Suppose -t = 3*t. Let y(z) = -z**2 + z + 12. Let a be y(t). Let x(j) = -j**2 + 9*j + 6. Let w be x(6). What is the greatest common factor of w and a?
12
Let t = -5 + 12. Suppose 8*u - 2*u - 84 = 0. Calculate the highest common factor of u and t.
7
Suppose -3*p = -p - 22. Let z(k) be the third derivative of k**4/3 - k**3/6 - 4*k**2. Let x be z(7). Calculate the greatest common factor of p and x.
11
Let w(i) = -2*i**3 - i**2 - i. Let x be w(-1). Let s = x - -12. Let v(j) = -j**2 + 24*j + 7. Let k be v(21). What is the highest common factor of s and k?
14
Let l be -2*(1 - 3/(-2)). Let q = l - -34. Suppose 2*a - 4*m - 6 = 0, -5*a + q = -m - 2*m. What is the highest common factor of a and 14?
7
Suppose 3*x - 6 = x. Suppose -x*a + 10 = -5. Suppose -5*o = q - 280, 5*o + 0*o + 4*q - 295 = 0. What is the greatest common divisor of o and a?
5
Suppose 0 = -5*q + 3*q + 72. Calculate the greatest common divisor of q and 4.
4
Suppose -x - 5*m = -4*m - 8, 0 = -2*m + 8. Let l(t) = -t**2 - 6*t - 4. Let v be l(-5). Suppose 41 - v = 5*g. Calculate the greatest common factor of x and g.
4
Suppose -2*a - 3*a - 3*h + 186 = 0, 4*h - 44 = -a. Suppose a = -5*t + 101. Let w be 26/(1 + (-6)/10). What is the greatest common factor of t and w?
13
Suppose 3*w + 255 = 4*s, 1 = 3*s + 3*w - 185. Let j = -21 - -28. Calculate the highest common divisor of s and j.
7
Let s(f) = 2*f - 1. Let t be s(2). Suppose -10*l = 4*b - 5*l + 8, 3*l + 3 = -3*b. What is the greatest common factor of b and t?
3
Let g = -201 + 97. Let x = 49 - g. Calculate the highest common factor of 17 and x.
17
Let u(z) = -72*z - 1. Let p be u(-2). What is the greatest common factor of 13 and p?
13
Let q = 8 + -5. Suppose -25 + 7 = -q*r. Let m be (0 - r)/((-6)/99). What is the greatest common divisor of m and 11?
11
Let j be 3/5 + 22/5. Suppose 3*s + 436 = 4*u, -j*u - 5*s + 580 = -0*s. Calculate the greatest common divisor of u and 14.
14
Suppose -2*o + 34 = 5*u, -4*u - 4*o = -10 - 10. Suppose 4*g + 2*j - 106 = 0, 0 = 5*g - 0*j + 5*j - 145. Calculate the greatest common factor of u and g.
8
Let o = 71 - 46. Let m = -438 + 448. Calculate the highest common divisor of o and m.
5
Let z be (554/(-1))/(-2) + -2. Calculate the greatest common divisor of z and 25.
25
Suppose -4*b = -17*b + 13. What is the greatest common factor of 4 and b?
1
Let s(v) = -2*v**3 - 8*v**2 + 5*v - 6. Let k be s(-6). What is the greatest common divisor of 12 and k?
12
Suppose -2*i = -6*i + 44. Suppose -3*b - 15 = 0, 4*q + 4*b - 3*b - 39 = 0. Calculate the greatest common divisor of i and q.
11
Let k(z) = 4*z**2 - 4*z - 8. Let s be k(-5). What is the highest common factor of 16 and s?
16
Let p(u) = -62*u + 2. Let b be p(-2). Suppose -2*k + 21 = -4*m - 63, 3*k + m = b. Suppose -2*x + 48 = -k. What is the highest common divisor of x and 5?
5
Let p be (-6 + 2)*(-2)/(-4). Let i be -1 + 0/p + 188. Calculate the greatest common divisor of 17 and i.
17
Suppose -3*k + 151 = 2*k + n, 0 = 3*k - 5*n - 85. What is the greatest common factor of k and 30?
30
Let m(x) = -x. Let i be m(-3). Suppose i*q = q + 16. Let z be (0 + -4)/((-2)/q). Calculate the highest common divisor of z and 16.
16
Let r(t) = -t - 4. Let y be r(-7). Suppose y = 2*g - 3. Suppose 0 = g*w - 27 - 9. What is the highest common factor of 3 and w?
3
Let r(l) = -l**3 - 2*l - 2. Let q be (0 - -2)/((-2)/4). Let t be r(q). Suppose -40*o + 39*o + 10 = 0. What is the highest common divisor of t and o?
10
Let g be 3/1*(-2)/(-3). Suppose -2*z - 941 = -7*z + f, -g*f = -4*z + 748. Calculate the highest common divisor of z and 21.
21
Let h(b) = -7*b**2 - 38*b + 3. Let f be h(-5). Let g = 0 - 3. Let a = -1 - g. Calculate the greatest common factor of f and a.
2
Let n = 0 - -2. Suppose -5*m + 30 = -n*m. Calculate the greatest common divisor of 4 and m.
2
Let f be ((-16)/6)/(40/(-180)). What is the greatest common divisor of f and 132?
12
Suppose -4*w = 336 - 40. Let l be 0 + 2 - w/2. What is the greatest common factor of 13 and l?
13
Let l be 13/(-2 - 0 - -3). Suppose n - l = 3. What is the greatest common divisor of n and 144?
16
Suppose 2*b + 309 = 5*b - 3*v, 0 = -3*b + 4*v + 312. What is the greatest common divisor of b and 50?
50
Suppose 8*h + 50 = 3*h. Let o be (-2)/h + 28/10. Suppose -5*c - 48 = -w - 2*c, -2*w + o*c + 81 = 0. Calculate the highest common factor of 22 and w.
11
Suppose 0 = 4*z - 4*y - 2 - 18, -y - 5 = 3*z. Let t be z - (-3 - 2)/1. What is the greatest common divisor of t and 45?
5
Suppose -3*j - 15 = 2*z, -z + j = -3*z - 5. Let h be (z - 11)/((-2)/34). Let s be 321/18 + (-10)/12. Calculate the highest common divisor of h and s.
17
Let s = 6 + -8. Let j be (-6)/4*6*s. Let o = -139 - -229. Calculate the highest common divisor of o and j.
18
Suppose -f + 2 = r, 5*f - 2 = 3*r + 4*f. Suppose 2*z - 49 = 83. Suppose -3*i + r*i + z = 0. Calculate the highest common divisor of i and 33.
11
Let m be (-1 - (-3 - 3)) + -3. Let d be m - (18/3)/(-2). Suppose -d = -3*r - 4*i, -2*r - 3*i + i + 4 = 0. Calculate the highest common factor of r and 2.
1
Let z = 200 + -117. Let o = z - 13. Let h = 22 - 12. Calculate the highest common factor of h and o.
10
Let u(w) = -21*w - 7. Let p be u(-6). Let k = 2 + p. What is the greatest common factor of k and 11?
11
Let k be 7 + 0 + -4 + 2. Suppose 0*x - k = -x. What is the highest common divisor of x and 1?
1
Let j = -19 + 23. Suppose j*q + 12 = 0, -406 = -4*a - 2*q + 4*q. What is the greatest common divisor of a and 20?
20
Let j be 8/16*-6 - (-11 + 0). Calculate the greatest common factor of 2 and j.
2
Suppose 2*s + 0*a + 3*a = -4, 0 = -5*s - 2*a - 10. Let b = 13 - s. What is the greatest common factor of b and 45?
15
Suppose 11 + 17 = 4*n. Let s be 3 + -1 + 1 - -18. Suppose 2*i = i + s. What is the highest common factor of n and i?
7
Let q(c) = -c - 10. Let w be q(-8). Let p be (-3)/w*(-4)/(-6). Let j be 61 - (-3)/((-3)/p). Calculate the greatest common divisor of 12 and j.
12
Let p be 876/4 - 6/2. Calculate the greatest common factor of 24 and p.
24
Suppose 2*o - 56 = -3*x, -10*x - 113 = -14*x + 5*o. Calculate the greatest common divisor of x and 33.
11
Let x(i) = -i**3 + 6*i**2 - 4*i - 2. Let n be x(4). What is the highest common divisor of 154 and n?
14
Let n = 41 - 21. Suppose 2*y = -i - i, 2*i = 4*y - 24. Let l be (-2)/8 + 21/y. Calculate the highest common factor of n and l.
5
Let c = 2 + -4. Let r = c + 6. Suppose n = -r*n + 55. Calculate the greatest common factor of 44 and n.
11
Let y(j) be the third derivative of 47*j**4/24 - j**3/6 + j**2. Suppose 0 = 7*s - 3 - 4. Let k be y(s). What is the greatest common divisor of k and 69?
23
Suppose -26 = -5*u + 4. Let k = u + 6. What is the highest common divisor of k and 132?
12
Let w = 19 - 13. Suppose 3*q + w = -3, -2*q = -r + 16. Calculate the greatest common factor of r and 4.
2
S